of n and u?
3
Suppose -4*u + 10 = b - 4, -5*b - 26 = -4*u. Let h(l) = -55*l - 1. Let q be h(-2). Suppose q + 67 = 4*v. Calculate the greatest common divisor of v and u.
4
Suppose -4*w + 2 + 6 = 0. Let v = -39 + 42. Calculate the highest common divisor of w and v.
1
Suppose 9 = -3*d + 6. Let g be (d + 9)/4 + 3. Let h be (-2)/(-1) + 33*1. Calculate the greatest common factor of g and h.
5
Let f(r) = -r**3 - 8*r**2 + 8*r + 6. Let u be f(-9). What is the greatest common divisor of 15 and u?
15
Suppose 5*i + 5*m = 175, -m = 3*i - 2*m - 105. Let p be 6/(-4)*(-12)/9. Let g be (6 - 1)/(-1 + p). What is the highest common divisor of i and g?
5
Let o(j) = 8*j**2 - 2*j + 2. Let g be o(2). Let q(d) = d**3 - 2*d**2 - 5*d - 2. Let n be q(4). Calculate the highest common divisor of n and g.
10
Suppose 2*x + 2*v = 332, v + 931 = 4*x + 272. Calculate the greatest common divisor of 15 and x.
15
Suppose -5*b + 39 = -2*s - 8, 5*b + 2*s - 43 = 0. What is the highest common factor of b and 6?
3
Let o(y) = 4*y - 20. Let m be o(8). What is the highest common divisor of 12 and m?
12
Let l(k) = -9*k + 2. Suppose i + 0*o + 7 = 3*o, -4*i - 5*o = 28. Let v be l(i). What is the highest common divisor of 13 and v?
13
Let u = -2 + 5. Suppose 0*d + t = 2*d - 7, -d + 6 = -u*t. What is the highest common factor of 6 and d?
3
Suppose 0 = -4*d + 14 - 2. Suppose d*m - m = 8. What is the highest common divisor of 6 and m?
2
Suppose 4 - 22 = -2*m. Let k be 2/6 + 3/(-9). Suppose 15 = 3*g, k = 2*w - w + 3*g - 24. Calculate the highest common divisor of m and w.
9
Suppose -4*v - m + 0*m = -28, -v - 8 = 4*m. Calculate the greatest common factor of v and 8.
8
Suppose 5*c - 2*f - 846 = 0, c - 5*f = -2*f + 177. Suppose -99 = x + 2*x. Let q = -12 - x. Calculate the greatest common divisor of q and c.
21
Let b = 275 + -132. What is the greatest common factor of 13 and b?
13
Suppose -9 - 15 = -2*y. What is the highest common factor of 8 and y?
4
Suppose 4*i + i - h = 102, 0 = -5*i + 2*h + 104. What is the highest common divisor of 140 and i?
20
Let q(c) = -c - 11. Let a be q(-7). Let t be 13/(-3) - a/12. Let w = 13 + t. What is the highest common factor of 45 and w?
9
Let w(r) = r**2 - 4*r - 14. Let y be w(-4). Calculate the highest common divisor of 72 and y.
18
Let g be (-108)/(-5) + 3 + (-26)/10. Calculate the highest common factor of 11 and g.
11
Let u = -6 - -8. Suppose 7*s - u*s - 125 = 0. What is the highest common divisor of s and 5?
5
Suppose 3*r + 84 = 4*r. Calculate the greatest common divisor of 21 and r.
21
Suppose 0 = 2*u - 2*t + 8 - 4, -4*u - 3*t + 6 = 0. Suppose u*f = -2*y + 4*f + 234, -3*y - f = -351. What is the highest common factor of 13 and y?
13
Let v = -9 + 13. Let b = -2 + v. Suppose k + b = 3*k. Calculate the greatest common divisor of k and 2.
1
Let u(z) = 16*z + 10. Let x be u(1). What is the greatest common factor of 104 and x?
26
Suppose 5*r - 13 = -c, r + 0*c = -2*c + 8. Suppose -t + 3 = -0. What is the highest common factor of r and t?
1
Suppose 3*x + 25 = 4*w, 2*w + 2*x - 12 = 4*x. What is the highest common divisor of 70 and w?
7
Let r = -3 - -6. Let p = r + -3. Suppose 0 = 2*z - p*z - 64. What is the highest common divisor of 8 and z?
8
Let n = 3 - -1. Let y(t) = -t**2 + t. Let h(d) = -d**3 + d**2 + d - 1. Let v(q) = h(q) - y(q). Let z be v(-3). What is the highest common divisor of n and z?
4
Let c = -7 - -4. Let u = -1 + -26. Let b be u/6*16/c. Calculate the highest common factor of 12 and b.
12
Suppose -4*z + 2*x + 3*x + 77 = 0, 3*x = 2*z - 39. Calculate the highest common divisor of 198 and z.
18
Suppose 185 = 4*g + 605. Let v = g - -147. Suppose -4*b = 5*a - v, 3*b - 2*a + a - 41 = 0. What is the greatest common factor of b and 65?
13
Suppose z = 5*t + 9, -4*z - 7 + 43 = 2*t. What is the highest common divisor of 72 and z?
9
Suppose 3*o = -2*k + 9, 6*k - 4*k - 2*o - 4 = 0. Suppose 0 = -4*d + g + 136, 0*d - 4*d + 4*g = -148. What is the greatest common divisor of k and d?
3
Let y(o) = 57*o**2 - 2*o + 1. Let p be y(1). What is the greatest common factor of 8 and p?
8
Suppose 0 = 5*c + 5*y - 290, 3*c - 228 = -c - 3*y. Calculate the greatest common factor of c and 6.
6
Suppose -p + 4*f = 9*f - 41, -p + 5*f = -91. Calculate the highest common divisor of 22 and p.
22
Let v(k) = k**3 - 5*k**2 - k - 2. Let l be v(8). Let b = l - 94. Calculate the highest common divisor of 8 and b.
8
Let t(r) = -r**3 - 5*r**2 - 2*r - 6. Let v be t(-5). Suppose -i + 5*h + 89 = 0, -v*i + 335 = -0*i + h. Calculate the highest common divisor of 12 and i.
12
Let i(l) = -l - 2. Let f(j) = 3*j + 4. Let g(h) = 2*f(h) + 5*i(h). Let n be g(6). Let v be n*(297/12 + -2). Calculate the greatest common factor of 13 and v.
13
Suppose 5*r - 3*z - 132 + 4 = 0, 0 = r + 4*z - 44. Calculate the highest common divisor of 308 and r.
28
Let b(n) = -n**3 - 4*n**2 - 7. Let z be b(-5). Let y be ((-3)/(-6))/(1/z). What is the greatest common divisor of 9 and y?
9
Suppose -i + 67 = 3*k - 0*k, 5*i - 284 = 2*k. Suppose 3*d = -4*u + i, 74 = -0*u + 5*u + 3*d. Calculate the highest common factor of 176 and u.
16
Let x(s) = 225 - 8*s - 6*s**2 - s**3 + 0*s**3 - 232. Let u be x(-7). Suppose 12 + 58 = 5*p. Calculate the highest common factor of u and p.
14
Let f(c) = -c**3 + 5*c**2 + 4. Let l be f(5). Suppose 0 = 3*a - 6, -l*x = -x - a + 47. Let k = x - -39. Calculate the highest common divisor of k and 60.
12
Let k(c) = -c**3 + 4*c**2 + 4*c + 1. Let z be k(-3). Let w = z - 24. Let m be 14*(1 - (-1 - 1)). What is the highest common divisor of w and m?
14
Suppose -4*f + 330 = -2*v, 4*f = -2*v + 443 - 101. Let a = -48 + 69. Calculate the highest common factor of a and f.
21
Suppose -4*b + 7 + 1 = 4*f, 2*f - 2*b - 20 = 0. Let t be (-2)/f + (-20)/(-15). Calculate the greatest common factor of 2 and t.
1
Let n = -342 + 447. Let r(w) = w**2 - 2*w - 3. Let x be r(6). Calculate the highest common divisor of n and x.
21
Let r = 2 - 3. Let q = 3 - r. Suppose 4 = 5*k - 2*w + 3, -2*k - 6 = -4*w. What is the highest common factor of k and q?
1
Let d(i) = i**3 + 3*i**2 - 5*i. Let s be d(-4). Let k be -2*(6/s + -3). Calculate the greatest common divisor of 9 and k.
3
Let y(z) = 32*z**2 - z. Let t be y(1). Suppose 10 = h - i, -h - 2*h = -2*i - t. What is the highest common factor of h and 77?
11
Let q be 2/(-7) + 3370/(-14). Let d = 12 - 24. Let s be (q + -1)*6/d. What is the highest common divisor of s and 11?
11
Let b = 47 + -34. Let o = b - -25. Let w = 14 + 5. Calculate the highest common divisor of w and o.
19
Let k = -7 - -15. Let b = 0 + k. What is the greatest common factor of b and 1?
1
Let q be (-1)/(-2)*(-1660)/(-10) + -3. What is the highest common divisor of 40 and q?
40
Let w be (-95 + 1)/((-3)/6). Let f be w/20 + 4/(-10). Let d be 9*2/f*3. What is the highest common factor of 6 and d?
6
Suppose 4*g + h + 21 = 4, h + 8 = -g. Let c = g + 27. Let x = 44 - c. Calculate the greatest common divisor of 8 and x.
4
Suppose -7*v + 8*v = 5. Suppose -7*n = 5*q - 3*n - 23, -5*q = -5*n - v. Suppose -q*b = -285 - 111. What is the greatest common divisor of b and 12?
12
Suppose y = 2*y - 87. Let s = y - 54. Calculate the highest common divisor of 3 and s.
3
Suppose -3*m = 4*a - 85, m - 5*m = -2*a + 70. Suppose 4*z = o + 99, z - 111 = 2*o + 87. Let f be 5/a + o/(-5). What is the greatest common factor of f and 4?
4
Let s be (4*-1*(2 - 1))/(-2). What is the greatest common factor of s and 2?
2
Suppose -9*v - 6 = -12*v. Let t(k) = 64*k - 2. Let d be t(v). Calculate the highest common divisor of d and 14.
14
Suppose 35 = 48*w - 41*w. What is the highest common factor of 50 and w?
5
Suppose 0 = 7*p - 41 - 1. Calculate the highest common factor of 6 and p.
6
Let d be 0 + 1 + 0/2. Let i = -1 + 2. Let w be 12 + (d - i)/(-2). What is the highest common factor of w and 3?
3
Let v be (2/(-6))/(2/(-198)). Calculate the highest common factor of 3 and v.
3
Suppose 0 = 4*i + 3*g - 2*g - 704, 4*g = -2*i + 352. Calculate the highest common divisor of 16 and i.
16
Let t(o) = 4*o - 2. Let m be t(5). Let d be 8/(-36) + (-56)/(-9). Calculate the highest common factor of m and d.
6
Let h(l) = -l**2 + 0 + 2*l - 2 + 2*l. Let c be h(2). Let g be (-2 + 29)/(c/10). What is the greatest common factor of 15 and g?
15
Let w = -33 + 48. What is the highest c